hat is the thousands digit of 3373?
3
What is the tens digit of 30852?
5
What is the tens digit of 22345?
4
What is the tens digit of 170?
7
What is the units digit of 16416?
6
What is the units digit of 429?
9
What is the thousands digit of 2946?
2
What is the tens digit of 74231?
3
What is the tens digit of 931?
3
What is the hundreds digit of 1062?
0
What is the hundreds digit of 2097?
0
What is the thousands digit of 92961?
2
What is the units digit of 14060?
0
What is the ten thousands digit of 60974?
6
What is the units digit of 617?
7
What is the tens digit of 99213?
1
What is the thousands digit of 3351?
3
What is the hundreds digit of 72693?
6
What is the units digit of 320?
0
What is the tens digit of 1290?
9
What is the units digit of 75280?
0
What is the units digit of 924?
4
What is the tens digit of 49966?
6
What is the units digit of 1649?
9
What is the thousands digit of 43687?
3
What is the hundreds digit of 41122?
1
What is the tens digit of 653?
5
What is the thousands digit of 10225?
0
What is the thousands digit of 20354?
0
What is the ten thousands digit of 14889?
1
What is the thousands digit of 1104?
1
What is the thousands digit of 27519?
7
What is the thousands digit of 10507?
0
What is the thousands digit of 74249?
4
What is the units digit of 489?
9
What is the units digit of 4793?
3
What is the units digit of 51231?
1
What is the tens digit of 24349?
4
What is the units digit of 597?
7
What is the tens digit of 7498?
9
What is the thousands digit of 4873?
4
What is the thousands digit of 2098?
2
What is the thousands digit of 1570?
1
What is the thousands digit of 30796?
0
What is the units digit of 3191?
1
What is the units digit of 1684?
4
What is the tens digit of 1765?
6
What is the thousands digit of 7254?
7
What is the units digit of 811?
1
What is the hundreds digit of 3620?
6
What is the tens digit of 9474?
7
What is the tens digit of 9494?
9
What is the thousands digit of 27944?
7
What is the thousands digit of 13551?
3
What is the tens digit of 6145?
4
What is the hundreds digit of 31785?
7
What is the units digit of 2809?
9
What is the tens digit of 1278?
7
What is the units digit of 107271?
1
What is the hundreds digit of 538?
5
What is the thousands digit of 2019?
2
What is the thousands digit of 59554?
9
What is the hundreds digit of 12538?
5
What is the tens digit of 1626?
2
What is the units digit of 8606?
6
What is the tens digit of 519?
1
What is the thousands digit of 87182?
7
What is the thousands digit of 2577?
2
What is the thousands digit of 1209?
1
What is the hundreds digit of 438?
4
What is the hundreds digit of 442?
4
What is the hundred thousands digit of 101150?
1
What is the hundreds digit of 11904?
9
What is the tens digit of 1078?
7
What is the units digit of 1478?
8
What is the units digit of 92026?
6
What is the hundreds digit of 2599?
5
What is the tens digit of 2203?
0
What is the hundreds digit of 29974?
9
What is the tens digit of 20562?
6
What is the ten thousands digit of 14990?
1
What is the thousands digit of 2020?
2
What is the units digit of 450?
0
What is the thousands digit of 1303?
1
What is the hundred thousands digit of 108489?
1
What is the thousands digit of 1632?
1
What is the tens digit of 999?
9
What is the thousands digit of 102591?
2
What is the hundreds digit of 3169?
1
What is the hundreds digit of 2709?
7
What is the hundreds digit of 53084?
0
What is the thousands digit of 65362?
5
What is the hundreds digit of 61800?
8
What is the tens digit of 21596?
9
What is the units digit of 222?
2
What is the units digit of 756?
6
What is the tens digit of 2086?
8
What is the tens digit of 843?
4
What is the thousands digit of 12179?
2
What is the hundreds digit of 3811?
8
What is the tens digit of 816?
1
What is the units digit of 1464?
4
What is the hundreds digit of 2351?
3
What is the hundreds digit of 1078?
0
What is the tens digit of 36425?
2
What is the thousands digit of 57476?
7
What is the units digit of 77117?
7
What is the tens digit of 44070?
7
What is the ten thousands digit of 31758?
3
What is the thousands digit of 1281?
1
What is the units digit of 11258?
8
What is the units digit of 4609?
9
What is the units digit of 2090?
0
What is the hundreds digit of 2443?
4
What is the ten thousands digit of 16043?
1
What is the tens digit of 1375?
7
What is the units digit of 15691?
1
What is the ten thousands digit of 65667?
6
What is the units digit of 477?
7
What is the tens digit of 18355?
5
What is the tens digit of 470?
7
What is the hundreds digit of 1195?
1
What is the hundreds digit of 196?
1
What is the units digit of 467?
7
What is the units digit of 9673?
3
What is the hundreds digit of 1761?
7
What is the ten thousands digit of 17821?
1
What is the ten thousands digit of 12007?
1
What is the ten thousands digit of 49228?
4
What is the thousands digit of 1414?
1
What is the ten thousands digit of 32217?
3
What is the tens digit of 3536?
3
What is the ten thousands digit of 23097?
2
What is the tens digit of 8016?
1
What is the hundreds digit of 377?
3
What is the hundreds digit of 197?
1
What is the units digit of 1358?
8
What is the hundreds digit of 989?
9
What is the thousands digit of 1292?
1
What is the thousands digit of 23174?
3
What is the tens digit of 619?
1
What is the hundreds digit of 409?
4
What is the ten thousands digit of 26853?
2
What is the hundreds digit of 705?
7
What is the hundreds digit of 6954?
9
What is the units digit of 12997?
7
What is the tens digit of 312?
1
What is the tens digit of 48917?
1
What is the units digit of 1714?
4
What is the units digit of 221?
1
What is the tens digit of 70416?
1
What is the hundreds digit of 6137?
1
What is the hundreds digit of 3657?
6
What is the units digit of 71?
1
What is the hundreds digit of 842?
8
What is the tens digit of 180323?
2
What is the units digit of 20442?
2
What is the thousands digit of 1125?
1
What is the hundreds digit of 397?
3
What is the hundreds digit of 766?
7
What is the hundreds digit of 3686?
6
What is the units digit of 2400?
0
What is the ten thousands digit of 30384?
3
What is the tens digit of 871?
7
What is the units digit of 2411?
1
What is the ten thousands digit of 43157?
4
What is the units digit of 2961?
1
What is the thousands digit of 29108?
9
What is the ten thousands digit of 168144?
6
What is the units digit of 2292?
2
What is the thousands digit of 2185?
2
What is the units digit of 2271?
1
What is the hundreds digit of 890?
8
What is the units digit of 804?
4
What is the units digit of 25244?
4
What is the units digit of 856?
6
What is the hundreds digit of 1665?
6
What is the tens digit of 2357?
5
What is the hundred thousands digit of 117710?
1
What is the units digit of 870?
0
What is the tens digit of 1676?
7
What is the units digit of 844?
4
What is the hundreds digit of 53868?
8
What is the hundreds digit of 3299?
2
What is the thousands digit of 27956?
7
What is the hundreds digit of 2907?
9
What is the thousands digit of 1049?
1
What is the units digit of 2552?
2
What is the units digit of 1450?
0
What is the thousands digit of 53339?
3
What is the ten thousands digit of 20657?
2
What is the thousands digit of 20431?
0
What is the units digit of 4525?
5
What is the tens digit of 62933?
3
What is the units digit of 5?
5
What is the hundreds digit of 3366?
3
What is the thousands digit of 65071?
5
What is the tens digit of 640?
4
What is the tens digit of 5818?
1
What is the units digit of 744?
4
What is the tens digit of 2075?
7
What is the units digit of 975?
5
What is the units digit of 49157?
7
What is the hundreds digit of 3707?
7
What is the ten thousands digit of 116194?
1
What is the units digit of 10962?
2
What is the units digit of 1540?
0
What is the tens digit of 1260?
6
What is the hundreds digit of 143254?
2
What is the units digit of 1166?
6
What is the tens digit of 1862?
6
What is the units digit of 380?
0
What is the tens digit of 534?
3
What is the hundreds digit of 987?
9
What is the hundreds digit of 584?
5
What is the units digit of 389?
9
What is the hundreds digit of 31440?
4
What is the hundreds digit of 5783?
7
What is the tens digit of 2034?
3
What is the units digit of 21934?
4
What is the units digi